
Calculate the highest common factor of 2898 and 272790.
126
Calculate the greatest common divisor of 65 and 25909.
13
What is the greatest common factor of 3084 and 1518?
6
What is the highest common divisor of 56 and 46088?
56
What is the greatest common factor of 64 and 21?
1
Calculate the highest common divisor of 294 and 4314.
6
Calculate the greatest common factor of 531 and 6667.
59
What is the greatest common factor of 101 and 40501?
101
What is the highest common factor of 901956 and 132?
132
What is the highest common factor of 3333 and 99?
33
What is the highest common divisor of 2370 and 68256?
474
Calculate the highest common factor of 193407 and 69.
69
Calculate the greatest common factor of 69350 and 7600.
950
What is the greatest common factor of 235629 and 405?
81
Calculate the greatest common divisor of 77700 and 768.
12
Calculate the highest common divisor of 141658 and 658.
94
Calculate the greatest common divisor of 12 and 153474.
6
What is the greatest common divisor of 318 and 41499?
159
Calculate the greatest common factor of 1468728 and 72.
72
Calculate the highest common factor of 37 and 3109850.
37
Calculate the highest common factor of 10758 and 4564.
326
Calculate the greatest common divisor of 2915 and 407.
11
What is the greatest common factor of 11713 and 170?
17
Calculate the greatest common factor of 2983 and 3458.
19
What is the highest common divisor of 24560 and 12464?
16
Calculate the greatest common factor of 234256 and 418.
22
Calculate the greatest common factor of 194 and 7066.
2
Calculate the greatest common factor of 345 and 4110.
15
What is the greatest common divisor of 2800 and 4725?
175
Calculate the highest common factor of 445 and 145.
5
Calculate the highest common divisor of 188 and 52924.
4
Calculate the highest common divisor of 1715 and 127253.
343
What is the highest common factor of 1935 and 10985?
5
Calculate the greatest common factor of 4032 and 4214784.
1344
Calculate the greatest common divisor of 1746 and 3834.
18
Calculate the highest common divisor of 658152 and 44.
44
Calculate the greatest common divisor of 168 and 328888.
56
Calculate the greatest common factor of 12696 and 1368.
24
What is the greatest common factor of 119599 and 398?
199
What is the greatest common divisor of 2993 and 29956937?
2993
Calculate the highest common factor of 282 and 361618.
94
What is the highest common divisor of 69696 and 9?
9
What is the greatest common factor of 404 and 536916?
404
Calculate the highest common factor of 5136 and 1177.
107
Calculate the highest common divisor of 834 and 170414.
278
Calculate the greatest common factor of 156752 and 2716.
388
What is the greatest common factor of 6 and 164337?
3
What is the greatest common divisor of 192330 and 180?
90
Calculate the highest common factor of 5058 and 117177.
843
Calculate the greatest common factor of 2520 and 414.
18
Calculate the highest common factor of 249 and 982886.
83
Calculate the greatest common factor of 392 and 2896.
8
Calculate the greatest common factor of 594000 and 10692.
1188
What is the highest common factor of 34 and 48586?
34
What is the highest common factor of 377656 and 16?
8
What is the greatest common divisor of 41643 and 273?
21
What is the highest common factor of 412 and 64375?
103
Calculate the greatest common divisor of 20 and 165380.
20
What is the greatest common divisor of 137 and 69733?
137
Calculate the highest common divisor of 15774 and 239.
239
What is the greatest common factor of 12 and 313494?
6
Calculate the highest common factor of 35399 and 3112.
389
Calculate the highest common factor of 14027 and 91.
13
Calculate the greatest common factor of 68 and 5372.
68
What is the highest common factor of 72 and 173208?
24
Calculate the highest common divisor of 4125 and 480.
15
What is the highest common factor of 579 and 54233?
193
What is the highest common factor of 140 and 1810?
10
What is the highest common factor of 3616 and 96?
32
Calculate the highest common factor of 76538 and 154.
154
Calculate the greatest common factor of 854 and 658.
14
What is the highest common factor of 884589 and 639?
213
What is the greatest common factor of 24198866 and 1126?
1126
What is the highest common divisor of 32657 and 289?
289
Calculate the greatest common factor of 1394190 and 1470.
210
What is the greatest common factor of 1330658 and 476?
238
What is the highest common divisor of 10693 and 48263?
289
What is the highest common divisor of 269497 and 58?
29
Calculate the greatest common divisor of 168661 and 454.
227
Calculate the greatest common factor of 828 and 937388.
92
Calculate the highest common factor of 3366 and 110143.
187
Calculate the greatest common factor of 966689 and 9084.
757
What is the highest common divisor of 1004892 and 168?
84
Calculate the highest common factor of 67068 and 6966.
162
What is the greatest common factor of 314 and 75046?
314
What is the greatest common factor of 22988 and 84?
28
What is the greatest common factor of 28861 and 527?
31
Calculate the highest common factor of 26544 and 1120.
112
What is the highest common divisor of 364656 and 8988?
1284
Calculate the greatest common factor of 11592 and 576.
72
Calculate the greatest common factor of 636333 and 564.
141
What is the highest common factor of 55312 and 128?
16
Calculate the highest common divisor of 286 and 1394492.
22
What is the greatest common factor of 88877 and 244?
61
Calculate the highest common divisor of 124758 and 174.
174
What is the greatest common factor of 94801 and 14?
7
Calculate the greatest common factor of 35739 and 53504.
209
Calculate the greatest common divisor of 734 and 5112677.
367
What is the greatest common factor of 59454 and 49086?
162
What is the greatest common divisor of 2828 and 17372?
404
Calculate the highest common divisor of 1848 and 77924.
308
Calculate the greatest common divisor of 213 and 8023.
71
Calculate the greatest common divisor of 213268 and 16.
4
What is the highest common factor of 310 and 148986?
62
Calculate the greatest common divisor of 7738146 and 27.
27
Calculate the greatest common divisor of 1634512 and 16.
16
What is the greatest common divisor of 111484 and 658?
94
Calculate the greatest common factor of 7525 and 6825.
175
Calculate the highest common divisor of 164 and 75604.
164
Calculate the greatest common factor of 1514072 and 2128.
1064
Calculate the highest common factor of 1677 and 516.
129
Calculate the greatest common factor of 14416 and 884.
68
Calculate the highest common divisor of 10915 and 74045.
295
Calculate the greatest common factor of 7996489 and 29.
29
What is the greatest common factor of 1197689 and 358?
179
Calculate the greatest common divisor of 44 and 27093.
11
What is the greatest common factor of 1206 and 300026?
134
What is the greatest common factor of 258 and 524729?
43
Calculate the highest common divisor of 316304 and 36464.
848
Calculate the greatest common factor of 988 and 116.
4
What is the highest common divisor of 13 and 266578?
13
Calculate the highest common factor of 80 and 190200.
40
Calculate the highest common factor of 88079 and 1.
1
What is the greatest common factor of 19525 and 19951?
71
What is the greatest common divisor of 19264 and 5160?
344
Calculate the highest common divisor of 6266 and 26.
26
Calculate the greatest common divisor of 1888 and 1302956.
236
What is the highest common factor of 320 and 418240?
320
Calculate the greatest common divisor of 7376 and 709479.
461
What is the highest common divisor of 40180 and 1025?
205
Calculate the highest common divisor of 463271 and 1981.
283
Calculate the highest common factor of 23 and 436747.
23
Calculate the highest common factor of 1136 and 5254.
142
What is the highest common factor of 473 and 67768?
43
What is the greatest common factor of 44526 and 164?
82
What is the highest common divisor of 5472 and 133?
19
What is the greatest common divisor of 92 and 4704052?
92
Calculate the greatest common divisor of 360 and 861840.
360
What is the highest common divisor of 21322 and 42?
14
Calculate the greatest common divisor of 3451 and 35105.
119
What is the highest common factor of 6900 and 11100?
300
Calculate the highest common